a factor of 157135000?
True
Is 38876895 a multiple of 78?
False
Is 166184720 a multiple of 13?
True
Is 26 a factor of 3071562?
True
Is 10856720 a multiple of 35?
True
Does 48 divide 39151477?
False
Is 9948189 a multiple of 459?
False
Does 45 divide 16680304?
False
Is 25732668 a multiple of 82?
False
Is 572 a factor of 1084884372?
True
Does 60 divide 523760618?
False
Is 3947 a factor of 763105086?
True
Does 117 divide 21222721?
False
Is 9182187 a multiple of 513?
True
Does 3158 divide 951631720?
True
Is 265800772 a multiple of 16?
False
Is 21093159 a multiple of 627?
False
Is 4601 a factor of 147116210?
False
Is 570455997 a multiple of 13?
False
Does 42 divide 8922459828?
False
Is 8 a factor of 24147723?
False
Does 77 divide 369798506?
True
Is 2 a factor of 1991140?
True
Does 4470 divide 85005990?
True
Is 14 a factor of 6550066?
False
Is 4824 a factor of 1071252313?
False
Is 587 a factor of 61233492?
True
Is 3284523 a multiple of 9?
True
Is 7023 a factor of 1097062942?
False
Does 2275 divide 1135262847?
False
Is 1767652005 a multiple of 53?
False
Does 132 divide 194690404?
False
Is 108498208 a multiple of 481?
True
Is 757 a factor of 59301109?
True
Does 565 divide 1671098240?
True
Is 12 a factor of 18193406?
False
Is 9843025 a multiple of 3?
False
Is 1144 a factor of 620309060?
False
Is 486365292 a multiple of 151?
False
Is 3 a factor of 24353222?
False
Is 1108 a factor of 115507892?
True
Is 3928320 a multiple of 465?
True
Is 66 a factor of 54090564?
True
Does 2 divide 5362958?
True
Is 2 a factor of 5934878?
True
Does 4323 divide 667772777?
False
Does 2325 divide 331458975?
True
Is 585 a factor of 1371007971?
False
Does 69 divide 107615771?
False
Is 186562627 a multiple of 104?
False
Is 21 a factor of 46349373?
True
Does 2736 divide 258627548?
False
Is 31136511 a multiple of 12?
False
Is 47796739 a multiple of 31?
False
Is 3130 a factor of 1202030290?
False
Does 15 divide 179754225?
True
Is 698351552 a multiple of 2348?
True
Is 3434 a factor of 366212183?
False
Is 11 a factor of 668528344?
True
Is 3007 a factor of 2582464439?
False
Is 1496 a factor of 66663256?
True
Is 151 a factor of 5616898?
True
Does 187 divide 651813558?
True
Is 278618151 a multiple of 21?
True
Does 6227 divide 216575292?
False
Does 301 divide 1003628480?
False
Is 26964933 a multiple of 19?
True
Is 2282 a factor of 202988464?
True
Is 16 a factor of 984410633?
False
Is 1232826963 a multiple of 3?
True
Is 44145772 a multiple of 1193?
True
Is 1994374 a multiple of 74?
True
Is 27660685 a multiple of 5?
True
Does 11 divide 34520156?
True
Is 28 a factor of 100206316?
True
Is 7265749 a multiple of 1015?
False
Is 21 a factor of 317666872?
False
Does 1574 divide 11935052?
False
Does 6 divide 69664925?
False
Does 1757 divide 56419888?
False
Is 657 a factor of 15798222?
True
Does 17 divide 13796054?
False
Is 31 a factor of 1524766?
True
Does 185 divide 174722572?
False
Does 42 divide 279923028?
True
Is 727994451 a multiple of 302?
False
Does 19 divide 760387877?
False
Is 133741394 a multiple of 97?
False
Is 27012480 a multiple of 80?
True
Is 5299114648 a multiple of 11?
False
Does 94 divide 18700143?
False
Is 2588 a factor of 221656154?
False
Is 4538 a factor of 3472586512?
True
Is 424 a factor of 45749244?
False
Does 27 divide 846661?
False
Does 39 divide 6328549929?
True
Is 3687 a factor of 4007194?
False
Is 217665448 a multiple of 77?
True
Is 34504188 a multiple of 8?
False
Is 181311060 a multiple of 77?
False
Does 1694 divide 340094088?
False
Is 25 a factor of 951183425?
True
Is 1277637112 a multiple of 3610?
False
Does 6457 divide 1160535981?
True
Is 199776408 a multiple of 31?
False
Is 9697402 a multiple of 400?
False
Is 373 a factor of 383203945?
False
Does 3111 divide 55274056?
False
Does 23 divide 174688266?
True
Is 2113641418 a multiple of 20?
False
Does 56 divide 118710872?
True
Does 2139 divide 621661269?
False
Does 2471 divide 1258003996?
False
Does 4 divide 8707353?
False
Does 40 divide 19922124?
False
Is 16 a factor of 66503397?
False
Is 35214864 a multiple of 12?
True
Does 83 divide 4869120?
False
Does 15 divide 129768851?
False
Is 32741630 a multiple of 137?
True
Is 2265 a factor of 312327523?
False
Is 16826317 a multiple of 23?
True
Is 507 a factor of 574715262?
False
Is 694844940 a multiple of 53?
False
Is 4303850 a multiple of 5?
True
Is 246951327 a multiple of 4263?
True
Does 417 divide 4311175?
False
Is 56912319 a multiple of 135?
False
Is 660 a factor of 41911980?
True
Is 11 a factor of 103450897?
True
Is 66 a factor of 4288299876?
False
Is 50 a factor of 695679067?
False
Is 231088012 a multiple of 46?
False
Is 24905780 a multiple of 58?
True
Does 66 divide 93807009?
False
Is 7486454 a multiple of 2?
True
Is 2710640 a multiple of 31?
True
Is 18 a factor of 1400033781?
False
Is 34 a factor of 194140816?
True
Does 1411 divide 45099793?
True
Does 14 divide 93132995?
False
Is 12386173 a multiple of 181?
False
Does 9 divide 1097935461?
True
Is 662686575 a multiple of 1416?
False
Is 14108844 a multiple of 17?
True
Is 4794147 a multiple of 27?
True
Is 17 a factor of 93509359?
False
Is 14892390 a multiple of 38?
True
Does 205 divide 158196655?
True
Is 8806800 a multiple of 16?
True
Does 10 divide 270611520?
True
Is 10 a factor of 321598280?
True
Is 256 a factor of 304655360?
True
Is 205 a factor of 1734166750?
True
Does 86 divide 9082560?
False
Is 4 a factor of 1227628512?
True
Does 640 divide 5029952?
False
Does 12 divide 96605120?
False
Is 392389920 a multiple of 3562?
True
Is 319100844 a multiple of 395?
False
Is 61193875 a multiple of 3?
False
Is 212 a factor of 1666738700?
True
Does 346 divide 9895746?
False
Is 36552825 a multiple of 6?
False
Is 79365729 a multiple of 127?
True
Is 113 a factor of 145589878?
True
Is 26 a factor of 503905060?
False
Is 9918825 a multiple of 21?
True
Is 21 a factor of 33696699?
False
Does 35 divide 137389808?
False
Does 785 divide 268769008?
False
Is 1168291808 a multiple of 211?
True
Is 24366814 a multiple of 6?
False
Does 7 divide 811274?
False
Is 179738169 a multiple of 28?
False
Does 3423 divide 160279906?
False
Is 12 a factor of 11427624?
True
Does 2543 divide 656729?
False
Is 2190353805 a multiple of 81?
True
Is 55 a factor of 1254806538?
False
Is 464 a factor of 242138990?
False
Does 8 divide 25857224?
True
Is 963 a factor of 101678355?
True
Is 46477372 a multiple of 202?
True
Does 8 divide 296750392?
True
Does 18 divide 120482469?
False
Is 13016900 a multiple of 85?
True
Is 519 a factor of 28092432?
True
Is 263 a factor of 82532819?
True
Is 21 a factor of 45405402?
True
Does 17 divide 1767915?
True
Is 5 a factor of 9065775?
True
Does 19 divide 18645280?
False
Does 1532 divide 328139080?
True
Is 873 a factor of 38941038?
True
Is 1741 a factor of 31000246?
True
Is 34290580 a multiple of 20?
True
Does 11 divide 18537056?
False
Is 12 a factor of 893533844?
False
Is 69590800 a multiple of 10?
True
Is 1992708240 a multiple of 11?
False
Is 235690986 a multiple of 500?
False
Does 13 divide 1091673577?
False
Is 37 a factor of 557773803?
False
Is 7114061 a multiple of 280?
False
Is 129 a factor of 69328728?
True
Does 52 divide 32811802?
False
Does 655 divide 110147078?
False
Is 4426 a factor of 37559036?
True
Does 82 divide 46885757?
False
Is 9880798 a multiple of 3?
False
Is 9 a factor of 32807524?
False
Does 7 divide 3919790?
True
Is 17 a factor of 207329739?
True
Is 12456279 a multiple of 49?
False
Does 75 divide 441706800?
True
Does 396 divide 63225360?
True
Is 1748382 a multiple of 1037?
True
Does 788 divide 18432896?
True
Is 659 a factor of 489799795?
False
Does 56 divide 23940312?
False
Does 422 divide 13138449?
False
Does 2483 divide 67006238?
True
Is 3507002 even?
True
Does 949 divide 1370867511?
True
Does 72 divide 34295976?
True
Does 2875 divide 172994769?
False
Is 21852070 a multiple of 115?
True
Is 41995992 a multiple of 12?
True
Is 45010280 a multiple of 34?
False
Does 992 divide 14076415?
False
Is 1853912137 a multiple of 209?
True
Is 321741800 a multiple of 12?
False
Is 958309517 a multiple of 12?
False
Does 3654 divide 1840600188?
True
Does 64 divide 1629852800?
True
Is 117220218 a multiple of 1291?
True
Is 4 a factor of 5698960?
True
Is 489 a factor of 109574142?
True
Is 11711424 a multiple of 468?
False
Does 110 d